{"id":38,"date":"2022-01-28T16:04:33","date_gmt":"2022-01-28T15:04:33","guid":{"rendered":"http:\/\/franceempire-auteur-revuepresse.com\/?page_id=38"},"modified":"2022-01-28T16:09:50","modified_gmt":"2022-01-28T15:09:50","slug":"france-empire-revue-de-presse-6","status":"publish","type":"page","link":"http:\/\/franceempire-auteur-revuepresse.com\/index.php\/france-empire-revue-de-presse-6\/","title":{"rendered":"Point de vue et images du monde"},"content":{"rendered":"\n<figure class=\"wp-block-image size-full\"><img loading=\"lazy\" width=\"445\" height=\"438\" src=\"http:\/\/franceempire-auteur-revuepresse.com\/wp-content\/uploads\/2022\/01\/image-7.png\" alt=\"\" class=\"wp-image-39\" srcset=\"http:\/\/franceempire-auteur-revuepresse.com\/wp-content\/uploads\/2022\/01\/image-7.png 445w, http:\/\/franceempire-auteur-revuepresse.com\/wp-content\/uploads\/2022\/01\/image-7-300x295.png 300w\" sizes=\"(max-width: 445px) 100vw, 445px\" \/><\/figure>\n\n\n\n<p><\/p>\n\n\n\n<p>21 juillet 1992<\/p>\n\n\n\n<p><strong>Un j\u00e9suite \u00e0 la cour de Siam<\/strong><\/p>\n\n\n\n<p><strong>E<\/strong>n m\u00eame temps qu\u2019il s\u2019embarque \u00e0 bord de l\u2019<em>Oyseau<\/em>, le 3 mars 1685, le p\u00e8re Tachard, un jeune j\u00e9suite, s\u2019engage dans ce qui sera l\u2019\u0153uvre de sa vie&nbsp;: supplanter l\u2019influence des Portugais dans ce qui est aujourd\u2019hui la Tha\u00eflande, lui substituer celle de la France et, croit-il, amener le roi local et ses sujets \u00e0 la religion catholique. C\u2019est compter sans les r\u00e9volutions de palais, la lenteur des voyages qi am\u00e8ne la lenteur des ordres et des d\u00e9cisions venues de Versailles. Cela \u00e9tait pourtant bien parti, avec la fameuse ambassade siamoise aupr\u00e8s de Louis XIV\u2026<\/p>\n\n\n\n<p>&nbsp;&nbsp; On trouvera beaucoup de science et de r\u00e9flexion, mais aussi de verve dans cet ouvrage d\u2019un jeune chercheur de vingt-deux ans, dipl\u00f4m\u00e9 des langues orientales\u2026 et ancien \u00e9l\u00e8ve des j\u00e9suites&nbsp;!&nbsp; &nbsp;&nbsp;&nbsp;&nbsp;&nbsp;&nbsp;&nbsp;&nbsp;&nbsp;&nbsp;&nbsp;&nbsp;&nbsp;&nbsp;&nbsp;&nbsp;&nbsp;&nbsp;&nbsp;&nbsp; &nbsp;&nbsp;&nbsp;&nbsp;&nbsp;&nbsp;&nbsp;&nbsp;&nbsp;&nbsp;&nbsp;&nbsp;&nbsp;&nbsp;&nbsp;&nbsp;&nbsp;&nbsp;&nbsp;&nbsp;            &nbsp;<em>R.S.<\/em><\/p>\n\n\n\n<p><em>Un j\u00e9suite \u00e0 la cour de Siam, <\/em>par Rapha\u00ebl Vongsuravatana, 330 pp., 120 F., \u00e9d. France-Empire.<\/p>\n","protected":false},"excerpt":{"rendered":"<p>21 juillet 1992 Un j\u00e9suite \u00e0 la cour de Siam En m\u00eame temps qu\u2019il s\u2019embarque \u00e0 bord de l\u2019Oyseau, le 3 mars 1685, le p\u00e8re Tachard, un jeune j\u00e9suite, s\u2019engage dans ce qui sera l\u2019\u0153uvre de sa vie&nbsp;: supplanter l\u2019influence des Portugais dans ce qui est aujourd\u2019hui la Tha\u00eflande, lui substituer celle de la France [&hellip;]<\/p>\n","protected":false},"author":1,"featured_media":0,"parent":0,"menu_order":0,"comment_status":"closed","ping_status":"closed","template":"","meta":{"om_disable_all_campaigns":false,"_monsterinsights_skip_tracking":false,"_monsterinsights_sitenote_active":false,"_monsterinsights_sitenote_note":"","_monsterinsights_sitenote_category":0},"_links":{"self":[{"href":"http:\/\/franceempire-auteur-revuepresse.com\/index.php\/wp-json\/wp\/v2\/pages\/38"}],"collection":[{"href":"http:\/\/franceempire-auteur-revuepresse.com\/index.php\/wp-json\/wp\/v2\/pages"}],"about":[{"href":"http:\/\/franceempire-auteur-revuepresse.com\/index.php\/wp-json\/wp\/v2\/types\/page"}],"author":[{"embeddable":true,"href":"http:\/\/franceempire-auteur-revuepresse.com\/index.php\/wp-json\/wp\/v2\/users\/1"}],"replies":[{"embeddable":true,"href":"http:\/\/franceempire-auteur-revuepresse.com\/index.php\/wp-json\/wp\/v2\/comments?post=38"}],"version-history":[{"count":3,"href":"http:\/\/franceempire-auteur-revuepresse.com\/index.php\/wp-json\/wp\/v2\/pages\/38\/revisions"}],"predecessor-version":[{"id":60,"href":"http:\/\/franceempire-auteur-revuepresse.com\/index.php\/wp-json\/wp\/v2\/pages\/38\/revisions\/60"}],"wp:attachment":[{"href":"http:\/\/franceempire-auteur-revuepresse.com\/index.php\/wp-json\/wp\/v2\/media?parent=38"}],"curies":[{"name":"wp","href":"https:\/\/api.w.org\/{rel}","templated":true}]}}

<figure class="wp-block-image size-full"><img loading="lazy" width="445" height="438" src="http://franceempire-auteur-revuepresse.com/wp-content/uploads/2022/01/image-7.png" alt="" class="wp-image-39" srcset="http://franceempire-auteur-revuepresse.com/wp-content/uploads/2022/01/image-7.png 445w, http://franceempire-auteur-revuepresse.com/wp-content/uploads/2022/01/image-7-300x295.png 300w" sizes="(max-width: 445px) 100vw, 445px" /></figure>



<p></p>



<p>21 juillet 1992</p>



<p><strong>Un jésuite à la cour de Siam</strong></p>



<p><strong>E</strong>n même temps qu’il s’embarque à bord de l’<em>Oyseau</em>, le 3 mars 1685, le père Tachard, un jeune jésuite, s’engage dans ce qui sera l’œuvre de sa vie&nbsp;: supplanter l’influence des Portugais dans ce qui est aujourd’hui la Thaïlande, lui substituer celle de la France et, croit-il, amener le roi local et ses sujets à la religion catholique. C’est compter sans les révolutions de palais, la lenteur des voyages qi amène la lenteur des ordres et des décisions venues de Versailles. Cela était pourtant bien parti, avec la fameuse ambassade siamoise auprès de Louis XIV…</p>



<p>&nbsp;&nbsp; On trouvera beaucoup de science et de réflexion, mais aussi de verve dans cet ouvrage d’un jeune chercheur de vingt-deux ans, diplômé des langues orientales… et ancien élève des jésuites&nbsp;!&nbsp; &nbsp;&nbsp;&nbsp;&nbsp;&nbsp;&nbsp;&nbsp;&nbsp;&nbsp;&nbsp;&nbsp;&nbsp;&nbsp;&nbsp;&nbsp;&nbsp;&nbsp;&nbsp;&nbsp;&nbsp; &nbsp;&nbsp;&nbsp;&nbsp;&nbsp;&nbsp;&nbsp;&nbsp;&nbsp;&nbsp;&nbsp;&nbsp;&nbsp;&nbsp;&nbsp;&nbsp;&nbsp;&nbsp;&nbsp;&nbsp;            &nbsp;<em>R.S.</em></p>



<p><em>Un jésuite à la cour de Siam, </em>par Raphaël Vongsuravatana, 330 pp., 120 F., éd. France-Empire.</p>

<p>21 juillet 1992 Un jésuite à la cour de Siam En même temps qu’il s’embarque à bord de l’Oyseau, le 3 mars 1685, le père Tachard, un jeune jésuite, s’engage dans ce qui sera l’œuvre de sa vie&nbsp;: supplanter l’influence des Portugais dans ce qui est aujourd’hui la Thaïlande, lui substituer celle de la France [&hellip;]</p>
